{"id":1896,"date":"2024-05-21T08:03:42","date_gmt":"2024-05-21T06:03:42","guid":{"rendered":"https:\/\/firelux.testvanwanten.nl\/datenschutz\/"},"modified":"2025-11-14T09:17:24","modified_gmt":"2025-11-14T08:17:24","slug":"datenschutz","status":"publish","type":"page","link":"https:\/\/www.firelux.nl\/de\/datenschutz\/","title":{"rendered":"Datenschutz"},"content":{"rendered":"\t\t<div data-elementor-type=\"wp-page\" data-elementor-id=\"1896\" class=\"elementor elementor-1896 elementor-3\" data-elementor-post-type=\"page\">\n\t\t\t\t<div class=\"elementor-element elementor-element-550e812 e-flex e-con-boxed e-con e-parent\" data-id=\"550e812\" data-element_type=\"container\" data-e-type=\"container\">\n\t\t\t\t\t<div class=\"e-con-inner\">\n\t\t\t\t<div class=\"elementor-element elementor-element-ef1185f elementor-widget elementor-widget-heading\" data-id=\"ef1185f\" data-element_type=\"widget\" data-e-type=\"widget\" data-widget_type=\"heading.default\">\n\t\t\t\t<div class=\"elementor-widget-container\">\n\t\t\t\t\t<h1 class=\"elementor-heading-title elementor-size-default\">Datenschutz<\/h1>\t\t\t\t<\/div>\n\t\t\t\t<\/div>\n\t\t\t\t<div class=\"elementor-element elementor-element-f757189 elementor-widget elementor-widget-text-editor\" data-id=\"f757189\" data-element_type=\"widget\" data-e-type=\"widget\" data-widget_type=\"text-editor.default\">\n\t\t\t\t<div class=\"elementor-widget-container\">\n\t\t\t\t\t\t\t\t\t<p>Gelders BV ist f\u00fcr den Schutz Ihrer personenbezogenen Daten gem\u00e4\u00df den <a href=\"https:\/\/autoriteitpersoonsgegevens.nl\/themas\/basis-avg\/avg-algemeen\" target=\"_blank\" rel=\"noopener\">Vorschriften der Datenschutz-Grundverordnung (DSGVO) verantwortlich.<\/a><\/p><p>Wir verarbeiten Daten von unseren Kunden, Lieferanten und Mitarbeitern. Diese ben\u00f6tigen wir, um unsere Kunden zu bedienen, um Produkte und Dienstleistungen einkaufen zu k\u00f6nnen und um Arbeitsvertr\u00e4ge mit unseren Kollegen abzuschlie\u00dfen. Die Systeme, die Gelders BV daf\u00fcr verwendet, sind haupts\u00e4chlich Exact und Bloom. Mit den Auftragsverarbeitern schlie\u00dfen wir einen Datenverarbeitungsvertrag ab. Wir gew\u00e4hrleisten den Schutz der personenbezogenen Daten unserer Kunden, Lieferanten und Mitarbeiter.    <\/p>\t\t\t\t\t\t\t\t<\/div>\n\t\t\t\t<\/div>\n\t\t\t\t\t<\/div>\n\t\t\t\t<\/div>\n\t\t<div class=\"elementor-element elementor-element-fdbe836 e-flex e-con-boxed e-con e-parent\" data-id=\"fdbe836\" data-element_type=\"container\" data-e-type=\"container\">\n\t\t\t\t\t<div class=\"e-con-inner\">\n\t\t\t\t<div class=\"elementor-element elementor-element-d045ee6 elementor-widget elementor-widget-heading\" data-id=\"d045ee6\" data-element_type=\"widget\" data-e-type=\"widget\" data-widget_type=\"heading.default\">\n\t\t\t\t<div class=\"elementor-widget-container\">\n\t\t\t\t\t<h2 class=\"elementor-heading-title elementor-size-default\">Ihre Rechte<\/h2>\t\t\t\t<\/div>\n\t\t\t\t<\/div>\n\t\t\t\t<div class=\"elementor-element elementor-element-4a8820c elementor-widget elementor-widget-text-editor\" data-id=\"4a8820c\" data-element_type=\"widget\" data-e-type=\"widget\" data-widget_type=\"text-editor.default\">\n\t\t\t\t<div class=\"elementor-widget-container\">\n\t\t\t\t\t\t\t\t\t<p>M\u00f6chten Sie die Daten, die wir von Ihnen verarbeiten, einsehen? Oder m\u00f6chten Sie wissen, wie Gelders BV die Bestimmungen der DSGVO einh\u00e4lt? Senden Sie dann bitte Ihre Frage per E-Mail an <span style=\"text-decoration: underline;\"><a href=\"mailto:info@gelders.nl\">info@gelders.nl<\/a><\/span>.  <\/p>\t\t\t\t\t\t\t\t<\/div>\n\t\t\t\t<\/div>\n\t\t\t\t\t<\/div>\n\t\t\t\t<\/div>\n\t\t\t\t<\/div>\n\t\t","protected":false},"excerpt":{"rendered":"<p>Datenschutz Gelders BV ist f\u00fcr den Schutz Ihrer personenbezogenen Daten gem\u00e4\u00df den Vorschriften der Datenschutz-Grundverordnung (DSGVO) verantwortlich. Wir verarbeiten Daten von unseren Kunden, Lieferanten und Mitarbeitern. Diese ben\u00f6tigen wir, um unsere Kunden zu bedienen, um Produkte und Dienstleistungen einkaufen zu k\u00f6nnen und um Arbeitsvertr\u00e4ge mit unseren Kollegen abzuschlie\u00dfen. Die Systeme, die Gelders BV daf\u00fcr verwendet, [&hellip;]<\/p>\n","protected":false},"author":1,"featured_media":0,"parent":0,"menu_order":9,"comment_status":"closed","ping_status":"closed","template":"","meta":{"_acf_changed":false,"footnotes":""},"class_list":["post-1896","page","type-page","status-publish","hentry"],"acf":[],"yoast_head":"<!-- This site is optimized with the Yoast SEO plugin v27.5 - https:\/\/yoast.com\/product\/yoast-seo-wordpress\/ -->\n<title>Datenschutz - Firelux<\/title>\n<meta name=\"robots\" content=\"index, follow, max-snippet:-1, max-image-preview:large, max-video-preview:-1\" \/>\n<link rel=\"canonical\" href=\"https:\/\/www.firelux.nl\/de\/datenschutz\/\" \/>\n<meta property=\"og:locale\" content=\"de_DE\" \/>\n<meta property=\"og:type\" content=\"article\" \/>\n<meta property=\"og:title\" content=\"Datenschutz - Firelux\" \/>\n<meta property=\"og:description\" content=\"Datenschutz Gelders BV ist f\u00fcr den Schutz Ihrer personenbezogenen Daten gem\u00e4\u00df den Vorschriften der Datenschutz-Grundverordnung (DSGVO) verantwortlich. Wir verarbeiten Daten von unseren Kunden, Lieferanten und Mitarbeitern. Diese ben\u00f6tigen wir, um unsere Kunden zu bedienen, um Produkte und Dienstleistungen einkaufen zu k\u00f6nnen und um Arbeitsvertr\u00e4ge mit unseren Kollegen abzuschlie\u00dfen. Die Systeme, die Gelders BV daf\u00fcr verwendet, [&hellip;]\" \/>\n<meta property=\"og:url\" content=\"https:\/\/www.firelux.nl\/de\/datenschutz\/\" \/>\n<meta property=\"og:site_name\" content=\"Firelux\" \/>\n<meta property=\"article:modified_time\" content=\"2025-11-14T08:17:24+00:00\" \/>\n<meta name=\"twitter:card\" content=\"summary_large_image\" \/>\n<meta name=\"twitter:label1\" content=\"Gesch\u00e4tzte Lesezeit\" \/>\n\t<meta name=\"twitter:data1\" content=\"1\u00a0Minute\" \/>\n<script type=\"application\/ld+json\" class=\"yoast-schema-graph\">{\"@context\":\"https:\\\/\\\/schema.org\",\"@graph\":[{\"@type\":\"WebPage\",\"@id\":\"https:\\\/\\\/www.firelux.nl\\\/de\\\/datenschutz\\\/\",\"url\":\"https:\\\/\\\/www.firelux.nl\\\/de\\\/datenschutz\\\/\",\"name\":\"Datenschutz - Firelux\",\"isPartOf\":{\"@id\":\"https:\\\/\\\/www.firelux.nl\\\/de\\\/#website\"},\"datePublished\":\"2024-05-21T06:03:42+00:00\",\"dateModified\":\"2025-11-14T08:17:24+00:00\",\"breadcrumb\":{\"@id\":\"https:\\\/\\\/www.firelux.nl\\\/de\\\/datenschutz\\\/#breadcrumb\"},\"inLanguage\":\"de\",\"potentialAction\":[{\"@type\":\"ReadAction\",\"target\":[\"https:\\\/\\\/www.firelux.nl\\\/de\\\/datenschutz\\\/\"]}]},{\"@type\":\"BreadcrumbList\",\"@id\":\"https:\\\/\\\/www.firelux.nl\\\/de\\\/datenschutz\\\/#breadcrumb\",\"itemListElement\":[{\"@type\":\"ListItem\",\"position\":1,\"name\":\"Home\",\"item\":\"https:\\\/\\\/www.firelux.nl\\\/de\\\/home\\\/\"},{\"@type\":\"ListItem\",\"position\":2,\"name\":\"Datenschutz\"}]},{\"@type\":\"WebSite\",\"@id\":\"https:\\\/\\\/www.firelux.nl\\\/de\\\/#website\",\"url\":\"https:\\\/\\\/www.firelux.nl\\\/de\\\/\",\"name\":\"Firelux\",\"description\":\"Schone brandstof voor alle merken kachels\",\"publisher\":{\"@id\":\"https:\\\/\\\/www.firelux.nl\\\/de\\\/#organization\"},\"potentialAction\":[{\"@type\":\"SearchAction\",\"target\":{\"@type\":\"EntryPoint\",\"urlTemplate\":\"https:\\\/\\\/www.firelux.nl\\\/de\\\/?s={search_term_string}\"},\"query-input\":{\"@type\":\"PropertyValueSpecification\",\"valueRequired\":true,\"valueName\":\"search_term_string\"}}],\"inLanguage\":\"de\"},{\"@type\":\"Organization\",\"@id\":\"https:\\\/\\\/www.firelux.nl\\\/de\\\/#organization\",\"name\":\"Firelux\",\"url\":\"https:\\\/\\\/www.firelux.nl\\\/de\\\/\",\"logo\":{\"@type\":\"ImageObject\",\"inLanguage\":\"de\",\"@id\":\"https:\\\/\\\/www.firelux.nl\\\/de\\\/#\\\/schema\\\/logo\\\/image\\\/\",\"url\":\"https:\\\/\\\/www.firelux.nl\\\/wp-content\\\/uploads\\\/Firelux_logo.webp\",\"contentUrl\":\"https:\\\/\\\/www.firelux.nl\\\/wp-content\\\/uploads\\\/Firelux_logo.webp\",\"width\":663,\"height\":315,\"caption\":\"Firelux\"},\"image\":{\"@id\":\"https:\\\/\\\/www.firelux.nl\\\/de\\\/#\\\/schema\\\/logo\\\/image\\\/\"}}]}<\/script>\n<!-- \/ Yoast SEO plugin. -->","yoast_head_json":{"title":"Datenschutz - Firelux","robots":{"index":"index","follow":"follow","max-snippet":"max-snippet:-1","max-image-preview":"max-image-preview:large","max-video-preview":"max-video-preview:-1"},"canonical":"https:\/\/www.firelux.nl\/de\/datenschutz\/","og_locale":"de_DE","og_type":"article","og_title":"Datenschutz - Firelux","og_description":"Datenschutz Gelders BV ist f\u00fcr den Schutz Ihrer personenbezogenen Daten gem\u00e4\u00df den Vorschriften der Datenschutz-Grundverordnung (DSGVO) verantwortlich. Wir verarbeiten Daten von unseren Kunden, Lieferanten und Mitarbeitern. Diese ben\u00f6tigen wir, um unsere Kunden zu bedienen, um Produkte und Dienstleistungen einkaufen zu k\u00f6nnen und um Arbeitsvertr\u00e4ge mit unseren Kollegen abzuschlie\u00dfen. Die Systeme, die Gelders BV daf\u00fcr verwendet, [&hellip;]","og_url":"https:\/\/www.firelux.nl\/de\/datenschutz\/","og_site_name":"Firelux","article_modified_time":"2025-11-14T08:17:24+00:00","twitter_card":"summary_large_image","twitter_misc":{"Gesch\u00e4tzte Lesezeit":"1\u00a0Minute"},"schema":{"@context":"https:\/\/schema.org","@graph":[{"@type":"WebPage","@id":"https:\/\/www.firelux.nl\/de\/datenschutz\/","url":"https:\/\/www.firelux.nl\/de\/datenschutz\/","name":"Datenschutz - Firelux","isPartOf":{"@id":"https:\/\/www.firelux.nl\/de\/#website"},"datePublished":"2024-05-21T06:03:42+00:00","dateModified":"2025-11-14T08:17:24+00:00","breadcrumb":{"@id":"https:\/\/www.firelux.nl\/de\/datenschutz\/#breadcrumb"},"inLanguage":"de","potentialAction":[{"@type":"ReadAction","target":["https:\/\/www.firelux.nl\/de\/datenschutz\/"]}]},{"@type":"BreadcrumbList","@id":"https:\/\/www.firelux.nl\/de\/datenschutz\/#breadcrumb","itemListElement":[{"@type":"ListItem","position":1,"name":"Home","item":"https:\/\/www.firelux.nl\/de\/home\/"},{"@type":"ListItem","position":2,"name":"Datenschutz"}]},{"@type":"WebSite","@id":"https:\/\/www.firelux.nl\/de\/#website","url":"https:\/\/www.firelux.nl\/de\/","name":"Firelux","description":"Schone brandstof voor alle merken kachels","publisher":{"@id":"https:\/\/www.firelux.nl\/de\/#organization"},"potentialAction":[{"@type":"SearchAction","target":{"@type":"EntryPoint","urlTemplate":"https:\/\/www.firelux.nl\/de\/?s={search_term_string}"},"query-input":{"@type":"PropertyValueSpecification","valueRequired":true,"valueName":"search_term_string"}}],"inLanguage":"de"},{"@type":"Organization","@id":"https:\/\/www.firelux.nl\/de\/#organization","name":"Firelux","url":"https:\/\/www.firelux.nl\/de\/","logo":{"@type":"ImageObject","inLanguage":"de","@id":"https:\/\/www.firelux.nl\/de\/#\/schema\/logo\/image\/","url":"https:\/\/www.firelux.nl\/wp-content\/uploads\/Firelux_logo.webp","contentUrl":"https:\/\/www.firelux.nl\/wp-content\/uploads\/Firelux_logo.webp","width":663,"height":315,"caption":"Firelux"},"image":{"@id":"https:\/\/www.firelux.nl\/de\/#\/schema\/logo\/image\/"}}]}},"_links":{"self":[{"href":"https:\/\/www.firelux.nl\/de\/wp-json\/wp\/v2\/pages\/1896","targetHints":{"allow":["GET"]}}],"collection":[{"href":"https:\/\/www.firelux.nl\/de\/wp-json\/wp\/v2\/pages"}],"about":[{"href":"https:\/\/www.firelux.nl\/de\/wp-json\/wp\/v2\/types\/page"}],"author":[{"embeddable":true,"href":"https:\/\/www.firelux.nl\/de\/wp-json\/wp\/v2\/users\/1"}],"replies":[{"embeddable":true,"href":"https:\/\/www.firelux.nl\/de\/wp-json\/wp\/v2\/comments?post=1896"}],"version-history":[{"count":2,"href":"https:\/\/www.firelux.nl\/de\/wp-json\/wp\/v2\/pages\/1896\/revisions"}],"predecessor-version":[{"id":2300,"href":"https:\/\/www.firelux.nl\/de\/wp-json\/wp\/v2\/pages\/1896\/revisions\/2300"}],"wp:attachment":[{"href":"https:\/\/www.firelux.nl\/de\/wp-json\/wp\/v2\/media?parent=1896"}],"curies":[{"name":"wp","href":"https:\/\/api.w.org\/{rel}","templated":true}]}}

<div data-elementor-type="wp-page" data-elementor-id="1896" class="elementor elementor-1896 elementor-3" data-elementor-post-type="page">
				<div class="elementor-element elementor-element-550e812 e-flex e-con-boxed e-con e-parent" data-id="550e812" data-element_type="container" data-e-type="container">
					<div class="e-con-inner">
				<div class="elementor-element elementor-element-ef1185f elementor-widget elementor-widget-heading" data-id="ef1185f" data-element_type="widget" data-e-type="widget" data-widget_type="heading.default">
				<div class="elementor-widget-container">
					<h1 class="elementor-heading-title elementor-size-default">Datenschutz</h1>				</div>
				</div>
				<div class="elementor-element elementor-element-f757189 elementor-widget elementor-widget-text-editor" data-id="f757189" data-element_type="widget" data-e-type="widget" data-widget_type="text-editor.default">
				<div class="elementor-widget-container">
									<p>Gelders BV ist für den Schutz Ihrer personenbezogenen Daten gemäß den <a href="https://autoriteitpersoonsgegevens.nl/themas/basis-avg/avg-algemeen" target="_blank" rel="noopener">Vorschriften der Datenschutz-Grundverordnung (DSGVO) verantwortlich.</a></p><p>Wir verarbeiten Daten von unseren Kunden, Lieferanten und Mitarbeitern. Diese benötigen wir, um unsere Kunden zu bedienen, um Produkte und Dienstleistungen einkaufen zu können und um Arbeitsverträge mit unseren Kollegen abzuschließen. Die Systeme, die Gelders BV dafür verwendet, sind hauptsächlich Exact und Bloom. Mit den Auftragsverarbeitern schließen wir einen Datenverarbeitungsvertrag ab. Wir gewährleisten den Schutz der personenbezogenen Daten unserer Kunden, Lieferanten und Mitarbeiter.    </p>								</div>
				</div>
					</div>
				</div>
		<div class="elementor-element elementor-element-fdbe836 e-flex e-con-boxed e-con e-parent" data-id="fdbe836" data-element_type="container" data-e-type="container">
					<div class="e-con-inner">
				<div class="elementor-element elementor-element-d045ee6 elementor-widget elementor-widget-heading" data-id="d045ee6" data-element_type="widget" data-e-type="widget" data-widget_type="heading.default">
				<div class="elementor-widget-container">
					<h2 class="elementor-heading-title elementor-size-default">Ihre Rechte</h2>				</div>
				</div>
				<div class="elementor-element elementor-element-4a8820c elementor-widget elementor-widget-text-editor" data-id="4a8820c" data-element_type="widget" data-e-type="widget" data-widget_type="text-editor.default">
				<div class="elementor-widget-container">
									<p>Möchten Sie die Daten, die wir von Ihnen verarbeiten, einsehen? Oder möchten Sie wissen, wie Gelders BV die Bestimmungen der DSGVO einhält? Senden Sie dann bitte Ihre Frage per E-Mail an <span style="text-decoration: underline;"><a href="mailto:info@gelders.nl">info@gelders.nl</a></span>.  </p>								</div>
				</div>
					</div>
				</div>
				</div>

<p>Datenschutz Gelders BV ist für den Schutz Ihrer personenbezogenen Daten gemäß den Vorschriften der Datenschutz-Grundverordnung (DSGVO) verantwortlich. Wir verarbeiten Daten von unseren Kunden, Lieferanten und Mitarbeitern. Diese benötigen wir, um unsere Kunden zu bedienen, um Produkte und Dienstleistungen einkaufen zu können und um Arbeitsverträge mit unseren Kollegen abzuschließen. Die Systeme, die Gelders BV dafür verwendet, [&hellip;]</p>

<!-- This site is optimized with the Yoast SEO plugin v27.5 - https://yoast.com/product/yoast-seo-wordpress/ -->
<title>Datenschutz - Firelux</title>
<meta name="robots" content="index, follow, max-snippet:-1, max-image-preview:large, max-video-preview:-1" />
<link rel="canonical" href="https://www.firelux.nl/de/datenschutz/" />
<meta property="og:locale" content="de_DE" />
<meta property="og:type" content="article" />
<meta property="og:title" content="Datenschutz - Firelux" />
<meta property="og:description" content="Datenschutz Gelders BV ist für den Schutz Ihrer personenbezogenen Daten gemäß den Vorschriften der Datenschutz-Grundverordnung (DSGVO) verantwortlich. Wir verarbeiten Daten von unseren Kunden, Lieferanten und Mitarbeitern. Diese benötigen wir, um unsere Kunden zu bedienen, um Produkte und Dienstleistungen einkaufen zu können und um Arbeitsverträge mit unseren Kollegen abzuschließen. Die Systeme, die Gelders BV dafür verwendet, [&hellip;]" />
<meta property="og:url" content="https://www.firelux.nl/de/datenschutz/" />
<meta property="og:site_name" content="Firelux" />
<meta property="article:modified_time" content="2025-11-14T08:17:24+00:00" />
<meta name="twitter:card" content="summary_large_image" />
<meta name="twitter:label1" content="Geschätzte Lesezeit" />
	<meta name="twitter:data1" content="1 Minute" />
<script type="application/ld+json" class="yoast-schema-graph">{"@context":"https:\/\/schema.org","@graph":[{"@type":"WebPage","@id":"https:\/\/www.firelux.nl\/de\/datenschutz\/","url":"https:\/\/www.firelux.nl\/de\/datenschutz\/","name":"Datenschutz - Firelux","isPartOf":{"@id":"https:\/\/www.firelux.nl\/de\/#website"},"datePublished":"2024-05-21T06:03:42+00:00","dateModified":"2025-11-14T08:17:24+00:00","breadcrumb":{"@id":"https:\/\/www.firelux.nl\/de\/datenschutz\/#breadcrumb"},"inLanguage":"de","potentialAction":[{"@type":"ReadAction","target":["https:\/\/www.firelux.nl\/de\/datenschutz\/"]}]},{"@type":"BreadcrumbList","@id":"https:\/\/www.firelux.nl\/de\/datenschutz\/#breadcrumb","itemListElement":[{"@type":"ListItem","position":1,"name":"Home","item":"https:\/\/www.firelux.nl\/de\/home\/"},{"@type":"ListItem","position":2,"name":"Datenschutz"}]},{"@type":"WebSite","@id":"https:\/\/www.firelux.nl\/de\/#website","url":"https:\/\/www.firelux.nl\/de\/","name":"Firelux","description":"Schone brandstof voor alle merken kachels","publisher":{"@id":"https:\/\/www.firelux.nl\/de\/#organization"},"potentialAction":[{"@type":"SearchAction","target":{"@type":"EntryPoint","urlTemplate":"https:\/\/www.firelux.nl\/de\/?s={search_term_string}"},"query-input":{"@type":"PropertyValueSpecification","valueRequired":true,"valueName":"search_term_string"}}],"inLanguage":"de"},{"@type":"Organization","@id":"https:\/\/www.firelux.nl\/de\/#organization","name":"Firelux","url":"https:\/\/www.firelux.nl\/de\/","logo":{"@type":"ImageObject","inLanguage":"de","@id":"https:\/\/www.firelux.nl\/de\/#\/schema\/logo\/image\/","url":"https:\/\/www.firelux.nl\/wp-content\/uploads\/Firelux_logo.webp","contentUrl":"https:\/\/www.firelux.nl\/wp-content\/uploads\/Firelux_logo.webp","width":663,"height":315,"caption":"Firelux"},"image":{"@id":"https:\/\/www.firelux.nl\/de\/#\/schema\/logo\/image\/"}}]}</script>
<!-- / Yoast SEO plugin. -->

Datenschutz Gelders BV ist für den Schutz Ihrer personenbezogenen Daten gemäß den Vorschriften der Datenschutz-Grundverordnung (DSGVO) verantwortlich. Wir verarbeiten Daten von unseren Kunden, Lieferanten und Mitarbeitern. Diese benötigen wir, um unsere Kunden zu bedienen, um Produkte und Dienstleistungen einkaufen zu können und um Arbeitsverträge mit unseren Kollegen abzuschließen. Die Systeme, die Gelders BV dafür verwendet, [&hellip;]
